 be (-2)/3 + (-7)/3. Let w be -3*q/(36/(-16)). Let s(v) = -2*v + 2. Determine s(w).
10
Let y(l) = -4*l + 2. Let b(x) = -29*x - x**3 - 3 + 15*x + 6 + 5*x + 10*x**2. Let g be b(9). Give y(g).
-10
Let j(w) = -2*w + 7. Let z(m) = m**2 - 12*m + 32. Let y be z(3). Give j(y).
-3
Let c(a) = -a**2 - 4*a + 2. Suppose 0 = 2*u - 3*m + 2, 0*u - 2*m = -2*u - 2. Let v be u*(-1 + 9) - 0. Let j be (-2)/2 + v/4. What is c(j)?
5
Suppose -6*d + 66 = 90. Let i(c) = -c**3 - c**2 + 14*c + 9. What is i(d)?
1
Let r = 0 - -2. Let o(n) = 4*n - n**2 + 8 - n**3 + 10*n**r - 13*n. What is o(8)?
0
Let p(r) = -20*r**3 - 11628*r**2 - 1 + r + 11626*r**2 + r. Calculate p(1).
-21
Let c(h) = -3*h. Let w be c(-1). Suppose 3*v + 3*k = 6, 3*k - k - 1 = -v. Let n(p) = -p**v - 15*p + 0*p**3 - 14*p + 27*p - 3 + 5*p**2. Determine n(w).
9
Suppose -5*x = -36 + 26. Let y(k) = -12*k**x + 8*k**2 - 4*k - 9 - 4*k + 3*k**2. Give y(-7).
-2
Let i(x) = 23*x**2 - 35*x - 11. Let t(w) = 14*w**2 - 18*w - 6. Let y(d) = -3*i(d) + 5*t(d). What is y(-14)?
-11
Let b(n) = -2*n. Let f(t) = -t + 18. Let x(s) = b(s) - f(s). Give x(0).
-18
Let v(j) be the third derivative of -1/24*j**4 + 0*j + 1/6*j**3 - 12*j**2 + 0. Calculate v(-5).
6
Suppose 3*d + 0*d - 24 = 0. Let t(m) = 11*m**3 - 8*m**2 - 8*m - 32. Let q(z) = -7*z**3 + 5*z**2 + 5*z + 21. Let v(x) = d*q(x) + 5*t(x). Give v(0).
8
Let t(a) = a**3 - a**2 - a - 4. Let x be (-5 - 5/(-5)) + (-14)/(-2). Determine t(x).
11
Suppose -1 = y + 2*u + 1, -y + u = 11. Let s(l) = -l**2 - 8*l - 5. Give s(y).
-5
Let o(j) be the first derivative of -9*j**2/2 + 42*j - 600. Give o(5).
-3
Let a = -514 - -498. Let u(i) = -i**3 - 17*i**2 - 18*i - 15. Give u(a).
17
Let t(d) be the second derivative of -d**4/12 - 11*d**3/6 + 7*d**2 - 46*d. Give t(-13).
-12
Let k(b) be the second derivative of b**3/3 + 2*b**2 - b + 67. Determine k(6).
16
Let r(w) = w**2 + w - 1. Let h(n) = n**3 + 7*n**2 + 6*n - 3. Let z(d) = h(d) - 5*r(d). What is z(-2)?
0
Let x(m) = -m - 4. Let w be 89 - (0 + 0)/(-2). Suppose -5*q - w + 24 = 0. Let l = q + 10. Calculate x(l).
-1
Let i(j) be the first derivative of 4/3*j**3 + j**2 - 3*j + 1/4*j**4 + 23. Give i(-4).
-11
Let s(h) = -6*h**3 + h - 1. Let m(i) = -37*i**3 - 13*i**2 + 9*i + 7. Let k(z) = -m(z) + 6*s(z). Give k(-13).
26
Let f(a) = a**3 - 5*a**2 - 2*a + 3. Suppose -35*b + x + 15 = -33*b, -x + 21 = 4*b. Determine f(b).
27
Let o(k) be the second derivative of k**3/2 + 10*k. Let n(p) = -10*p - 1 + 1. Let m(i) = 2*n(i) + 7*o(i). What is m(-5)?
-5
Let z(j) = -j**3 - 5*j**2 + 6*j + 2. Let r = 842 - 848. What is z(r)?
2
Let r(m) be the second derivative of 1/12*m**4 - m + 0 + 1/6*m**3 - 1/2*m**2. Let h be 1*(1 - 0 - -2). Determine r(h).
11
Let g = -2 + 8. Let s(h) = g - 13 - 3*h + 5 + 4. Determine s(-2).
8
Let d(a) = -3*a**2 - 104*a + 0 + 3 + 102*a. What is d(3)?
-30
Let l(w) = -w**3 + 5*w**2 + 6. Suppose -3*i = -2*z - 15, -3*z + i - 25 = -4*i. Suppose z = -7*j + 12*j - 25. Calculate l(j).
6
Let c = 41 - 30. Suppose 17*p = c*p + 12. Let o(b) be the first derivative of b**4/4 - 2*b**3/3 + 1. Calculate o(p).
0
Suppose 7*q - 4*q = 0. Let v(z) be the second derivative of z**4/12 - z**3/6 + 3*z**2 + 46*z. Calculate v(q).
6
Let c = 4 + 0. Let y(p) be the second derivative of -5/6*p**3 + 1/12*p**4 + 5/2*p**2 + 0 + 24*p. Give y(c).
1
Suppose -4 = 151*q - 152*q. Let h(d) = -12*d + 2. Give h(q).
-46
Let s(m) = m**2 + 6*m - 13. Let l be s(-7). Suppose 0 = -5*a + 8 + 2. Let y(g) = -2 - 7*g - g**2 + 0*g**2 + 0*g**a. Determine y(l).
4
Suppose 5*q = q - 4. Let t(y) be the first derivative of 3*y**2/2 - y - 886. What is t(q)?
-4
Let c(x) = x**2 + 7*x + 6. Suppose -4*a - 4 = 0, 5*n + 366 = -6*a + 5*a. Let d = 68 + n. Give c(d).
-4
Let r(d) be the third derivative of -d**8/20160 + d**7/720 + d**6/240 - d**5/60 - 3*d**2. Let b(y) be the third derivative of r(y). Give b(7).
3
Let n = 282 + -274. Let s(g) = g**3 - 7*g**2 - 8*g + 1. Give s(n).
1
Let k(f) = 2*f**2 + 16*f + 5. Let q(b) = 2 + b + 114*b**2 + 7*b - 113*b**2. Let r(y) = -3*k(y) + 5*q(y). Suppose 0*m = 4*m + 28. What is r(m)?
2
Suppose 0*a - 2*a - 36 = 0. Let q = 22 + a. Let w(s) = s. What is w(q)?
4
Let a(s) be the first derivative of -s**3/6 - s**2/2 - 11*s + 11. Let o(k) be the first derivative of a(k). Calculate o(4).
-5
Let k(w) be the first derivative of -w**3/3 + 7*w**2/2 + 11*w - 322. Suppose 7*y = 5*y + 16. Give k(y).
3
Let r(j) = 5*j - 2. Suppose 0 = 2*z + 3*l + 21, -3*z - l - 33 = 3*l. Let t = z - -17. What is r(t)?
8
Let o(a) = -2*a + 9. Let g(m) = -m + 9. Let i(z) = 3*g(z) - 2*o(z). What is i(-4)?
5
Let p(h) = 2*h**3 - 2*h**2 - 34*h + 17*h + 2 + 18*h. What is p(-1)?
-3
Let r be -2*(-2)/(-4) + 8. Let p = r + -3. Let a(c) be the second derivative of -c**5/20 + 5*c**4/12 - 2*c**3/3 + c**2/2 - 35*c. What is a(p)?
1
Let p be (-2)/8 + 387/(-516). Let n(r) = 5*r**2 + r - 17*r**3 + 3 - 2 - 4*r**2. Give n(p).
18
Suppose -2*u = u. Let w(t) = -2*t**3 - 5*t + 6*t + 0*t + 13 + t**3. Calculate w(u).
13
Let z(r) = r**2 + 3*r + 2. Let g(x) = 7*x**2 + 6*x + 5. Let t(w) = g(w) - 3*z(w). Determine t(-1).
6
Let x = 88 + -84. Let d(k) be the third derivative of 1/60*k**5 + 0 - 1/8*k**4 + 1/2*k**3 + 0*k - k**2. Calculate d(x).
7
Let q(o) be the second derivative of o**4/12 + 5*o**3/3 + o**2/2 + 8*o - 2. What is q(-8)?
-15
Let s(c) = c + 2. Suppose 0*g = 4*o + 2*g + 2, 0 = -4*o + 3*g + 23. Let f = 2 + o. Let j be 1/2 - (-10)/f. Give s(j).
5
Let d = 33 + -35. Let a = -1 - d. Let g(q) be the third derivative of -q**4/12 - q**3/6 + 2*q**2. What is g(a)?
-3
Let i(f) be the first derivative of 1/2*f**2 - 1/3*f**3 + 7*f + 13. What is i(0)?
7
Let d(l) = -16 + l**2 + 12 + 3*l**2. Let g(c) = 3*c**2 - 4. Let m(f) = -2*d(f) + 3*g(f). Let t = -15 - -12. Calculate m(t).
5
Suppose 0 = 7*x - 13*x. Let n(u) = x*u - 2*u**2 + 2*u - 3*u**2 - u**2 - 2 + u**3. Give n(6).
10
Let v(f) be the second derivative of f**3/3 - 15*f**2/2 - 122*f. Calculate v(10).
5
Let u(i) = 3*i**2 + 2*i**2 + 1 - 4*i**2 + 3 - 7*i. Let y be ((-3)/(-9))/(2/36). Let m be u(y). Let v(k) = k**2 - 1. Give v(m).
3
Let b(c) = -c + 9. Let m(w) = 3*w - 27. Suppose n - 9 + 5 = 0. Let r(x) = n*m(x) + 11*b(x). Give r(7).
-2
Suppose -s = 4 - 6, 20 = 5*k + 5*s. Let q(z) be the first derivative of -z**3/3 + z**2/2 + z + 4778. Determine q(k).
-1
Suppose -20 = -5*w - 0. Let g(o) be the first derivative of o**4/4 - 5*o**3/3 + 3*o**2/2 - 2*o + 187. Give g(w).
-6
Let l(p) = 3*p - 16. Suppose -93 = -16*k + 35. Give l(k).
8
Let r(a) = -a + 4. Let t(m) = 8*m + 148. Let u be t(-18). Calculate r(u).
0
Let m(c) = -c**2 - 5*c + 10. Let v(y) = 1. Let t(p) = m(p) - 3*v(p). Determine t(-6).
1
Let y(x) = x**3 - 6*x + 7. Let r(v) = v**3 - 7*v + 8. Let k(n) = -4*r(n) + 5*y(n). Let f be -3 + (-20)/(0 + -4). Determine k(f).
7
Let u(q) be the second derivative of -q**6/240 - q**5/60 - q**4/3 - 12*q. Let k(r) be the third derivative of u(r). What is k(-3)?
7
Let j = 29 - 31. Let r be 52/4 + -2 + j. Let h(o) = o**3 - 10*o**2 + 9*o - 5. Calculate h(r).
-5
Let l(u) = -2*u + 6. Let i be 15*(-2)/48*-8. Determine l(i).
-4
Let i(q) = -q + 4. Let b(d) = -d + 7. Let o be b(3). Let a(m) = o - 9*m + 6*m + 4*m. Let s be a(-1). Determine i(s).
1
Let k(v) = 3*v**2 + 31*v - 14. Let s(y) = -2*y**2 - 16*y + 6. Let l(q) = 3*k(q) + 5*s(q). What is l(12)?
0
Suppose -3*v = x + 19, -x - x - 28 = 4*v. Suppose 2*m = -3*r, -3*m + 3 = 5*r + 2. Let q(s) = s - 6 + 2*s**2 - 3*s**2 - s**2 + 3*s**r. Give q(v).
14
Let g = -42 - -44. Let k(t) = -3*t + 10 + 4 - 3*t**g + t**2 - 11. Calculate k(-3).
-6
Suppose 0 = -2*n + 7 + 3. Suppose 15 = n*t + 3*o - o, -3*t + 3*o = -30. Let d(p) = -2*p + 5 + p + 2. Determine d(t).
2
Let a(w) be the second derivative of 0 + 1/60*w**5 + 1/360*w**6 + 0*w**2 + 0*w**4 + 6*w - 1/3*w**3. Let k(j) be the second derivative of a(j). Determine k(-4).
8
Let b = 14 + -20. Let a(r) = r**2 - 11 + 3 + 5*r + 10. Determine a(b).
8
Suppose -2*r + 7*r - 29 = -q, 0 = -5*r + q + 21. Let i(k) = -k + 1. Let b(g) = -4 + 17 - 4 - 5 - 3*g. Let y(f) = r*i(f) - b(f). Determine y(-4).
9
Suppose -307 + 251 = 14*f. Let v(b) = b. Suppose 0 = 3*d - 3. Let i(g) = 6*g + 2. Let z(u) = d*i(u) + f*v(u). Determine z(-3).
-4
Let v(z) = z**3 - 4*z**2 + z. Suppose 2*y - 5*y - 1305 = 0. Let j be (-4)/30 + (-1798)/y. Calculate v(j).
4
Let k = 12 - 8. Let d(c) 